{"id":9038,"date":"2023-08-08T17:47:00","date_gmt":"2023-08-08T17:47:00","guid":{"rendered":"https:\/\/zakawatt.dz\/Staging\/?post_type=product&#038;p=9038"},"modified":"2023-08-08T17:47:01","modified_gmt":"2023-08-08T17:47:01","slug":"minuterie-programmable","status":"publish","type":"product","link":"https:\/\/zakawatt.dz\/index.php\/product\/minuterie-programmable\/","title":{"rendered":"Minuterie programmable"},"content":{"rendered":"<p>KG10D-1Z AC220V Minuterie Programmable KG10D peut automatiquement activer ou d\u00e9sactiver l&#8217;alimentation des diff\u00e9rents \u00e9quipements en fonction du temps pr\u00e9d\u00e9fini par l&#8217;utilisateur. Les objets contr\u00f4l\u00e9s sont des \u00e9quipements de circuits et les appareils m\u00e9nagers tels que les lampadaires, lampes au n\u00e9on, les lampes de publicit\u00e9, des \u00e9quipements de fabrication, des \u00e9quipements de radiodiffusion et de t\u00e9l\u00e9vision, etc., ce qui n\u00e9cessite allumer et \u00e9teindre \u00e0 temps d\u00e9fini.<\/p>\n","protected":false},"excerpt":{"rendered":"<p>KG10D-1Z AC220V Minuterie Programmable CHINT<\/p>\n","protected":false},"featured_media":9067,"comment_status":"closed","ping_status":"closed","template":"","meta":[],"product_brand":[],"product_cat":[128],"product_tag":[],"class_list":{"0":"post-9038","1":"product","2":"type-product","3":"status-publish","4":"has-post-thumbnail","6":"product_cat-appareillage-et-accessoires","9":"instock","10":"shipping-taxable","11":"purchasable","12":"product-type-simple"},"_links":{"self":[{"href":"https:\/\/zakawatt.dz\/index.php\/wp-json\/wp\/v2\/product\/9038","targetHints":{"allow":["GET"]}}],"collection":[{"href":"https:\/\/zakawatt.dz\/index.php\/wp-json\/wp\/v2\/product"}],"about":[{"href":"https:\/\/zakawatt.dz\/index.php\/wp-json\/wp\/v2\/types\/product"}],"replies":[{"embeddable":true,"href":"https:\/\/zakawatt.dz\/index.php\/wp-json\/wp\/v2\/comments?post=9038"}],"wp:featuredmedia":[{"embeddable":true,"href":"https:\/\/zakawatt.dz\/index.php\/wp-json\/wp\/v2\/media\/9067"}],"wp:attachment":[{"href":"https:\/\/zakawatt.dz\/index.php\/wp-json\/wp\/v2\/media?parent=9038"}],"wp:term":[{"taxonomy":"product_brand","embeddable":true,"href":"https:\/\/zakawatt.dz\/index.php\/wp-json\/wp\/v2\/product_brand?post=9038"},{"taxonomy":"product_cat","embeddable":true,"href":"https:\/\/zakawatt.dz\/index.php\/wp-json\/wp\/v2\/product_cat?post=9038"},{"taxonomy":"product_tag","embeddable":true,"href":"https:\/\/zakawatt.dz\/index.php\/wp-json\/wp\/v2\/product_tag?post=9038"}],"curies":[{"name":"wp","href":"https:\/\/api.w.org\/{rel}","templated":true}]}}