{"id":9118,"date":"2023-08-08T17:47:08","date_gmt":"2023-08-08T17:47:08","guid":{"rendered":"https:\/\/zakawatt.dz\/Staging\/?post_type=product&#038;p=9118"},"modified":"2023-08-08T17:47:11","modified_gmt":"2023-08-08T17:47:11","slug":"stabilisateur-220v-chint","status":"publish","type":"product","link":"https:\/\/zakawatt.dz\/index.php\/product\/stabilisateur-220v-chint\/","title":{"rendered":"Stabilisateur 220V Chint"},"content":{"rendered":"<p>Application: TND\/TNS(SVC) Cette s\u00e9rie de r\u00e9gulateurs enti\u00e8rement automatis\u00e9e par l\u2019interm\u00e9diaire d\u2019un processus interne, elle analyse le signal puis l\u2019amplifie afin de donner en sortie une image fid\u00e8le du signal d\u2019entr\u00e9e tout en le r\u00e9gulant. Ce processus englobe le servomoteur interne qui g\u00e9n\u00e8re en sortie une tension enti\u00e8rement r\u00e9gul\u00e9e selon la commande du client . Les domaines d\u2019utilisation sont innombrables , et ce , pendant les p\u00e9riodes de fortes perturbations du secteur et\/ou la pollution par des harmoniques vient perturber la tension de ligne que, l\u2019utilisation de ce genre de r\u00e9gulateur s\u2019av\u00e9re indispensable dans les industries sensibles, la recherche scientifique, le traitement m\u00e9dical et d\u2019hygi\u00e9ne , l\u2019\u00e9lectrom\u00e9nager. Ceci ne peut que garantir une dur\u00e9e de vie prolong\u00e9e des \u00e9quipements sous tension<\/p>\n","protected":false},"excerpt":{"rendered":"<p>Stabilisateur 220V Chint Caract\u00e9ristiques: ergonomie et tendance futuriste, compacte ,poids l\u00e9ger, faible consommation d&#8217;\u00e9nergie, protection totale, stabe et efficace .<\/p>\n","protected":false},"featured_media":9071,"comment_status":"closed","ping_status":"closed","template":"","meta":[],"product_brand":[],"product_cat":[128,135,139],"product_tag":[],"class_list":{"0":"post-9118","1":"product","2":"type-product","3":"status-publish","4":"has-post-thumbnail","6":"product_cat-appareillage-et-accessoires","7":"product_cat-appareillage-industriel","8":"product_cat-stabilisateur","11":"instock","12":"shipping-taxable","13":"product-type-simple"},"_links":{"self":[{"href":"https:\/\/zakawatt.dz\/index.php\/wp-json\/wp\/v2\/product\/9118","targetHints":{"allow":["GET"]}}],"collection":[{"href":"https:\/\/zakawatt.dz\/index.php\/wp-json\/wp\/v2\/product"}],"about":[{"href":"https:\/\/zakawatt.dz\/index.php\/wp-json\/wp\/v2\/types\/product"}],"replies":[{"embeddable":true,"href":"https:\/\/zakawatt.dz\/index.php\/wp-json\/wp\/v2\/comments?post=9118"}],"wp:featuredmedia":[{"embeddable":true,"href":"https:\/\/zakawatt.dz\/index.php\/wp-json\/wp\/v2\/media\/9071"}],"wp:attachment":[{"href":"https:\/\/zakawatt.dz\/index.php\/wp-json\/wp\/v2\/media?parent=9118"}],"wp:term":[{"taxonomy":"product_brand","embeddable":true,"href":"https:\/\/zakawatt.dz\/index.php\/wp-json\/wp\/v2\/product_brand?post=9118"},{"taxonomy":"product_cat","embeddable":true,"href":"https:\/\/zakawatt.dz\/index.php\/wp-json\/wp\/v2\/product_cat?post=9118"},{"taxonomy":"product_tag","embeddable":true,"href":"https:\/\/zakawatt.dz\/index.php\/wp-json\/wp\/v2\/product_tag?post=9118"}],"curies":[{"name":"wp","href":"https:\/\/api.w.org\/{rel}","templated":true}]}}