{"id":9135,"date":"2023-08-08T17:47:09","date_gmt":"2023-08-08T17:47:09","guid":{"rendered":"https:\/\/zakawatt.dz\/Staging\/?post_type=product&#038;p=9135"},"modified":"2023-08-08T17:47:16","modified_gmt":"2023-08-08T17:47:16","slug":"transformateur-de-courant","status":"publish","type":"product","link":"https:\/\/zakawatt.dz\/index.php\/product\/transformateur-de-courant\/","title":{"rendered":"Transformateur de courant"},"content":{"rendered":"<p>\u00c0 utiliser en combinaison avec des instruments de mesure: amm\u00e8tres, watt-heure, unit\u00e9s de mesure, relais de commande, etc.<\/p>\n","protected":false},"excerpt":{"rendered":"<p>Courant secondaire Isn: 5A, Tension nominale Ue: 660 V, Fr\u00e9quence: 50\/60 Hz, Facteur de s\u00e9curit\u00e9 de l&#8217;instrument (FS): 10, Temp\u00e9rature de fonctionnement: -5 \u00b0 C \u00e0   40 \u00b0 C, humidit\u00e9 &lt;80%, Altitude: \u22641000 m, Normes: CEI 60044-1, Type d&#8217;installation: barres ou fixation des plaques.<\/p>\n","protected":false},"featured_media":9071,"comment_status":"closed","ping_status":"closed","template":"","meta":[],"product_brand":[],"product_cat":[135],"product_tag":[],"class_list":{"0":"post-9135","1":"product","2":"type-product","3":"status-publish","4":"has-post-thumbnail","6":"product_cat-appareillage-industriel","9":"instock","10":"shipping-taxable","11":"product-type-simple"},"_links":{"self":[{"href":"https:\/\/zakawatt.dz\/index.php\/wp-json\/wp\/v2\/product\/9135","targetHints":{"allow":["GET"]}}],"collection":[{"href":"https:\/\/zakawatt.dz\/index.php\/wp-json\/wp\/v2\/product"}],"about":[{"href":"https:\/\/zakawatt.dz\/index.php\/wp-json\/wp\/v2\/types\/product"}],"replies":[{"embeddable":true,"href":"https:\/\/zakawatt.dz\/index.php\/wp-json\/wp\/v2\/comments?post=9135"}],"wp:featuredmedia":[{"embeddable":true,"href":"https:\/\/zakawatt.dz\/index.php\/wp-json\/wp\/v2\/media\/9071"}],"wp:attachment":[{"href":"https:\/\/zakawatt.dz\/index.php\/wp-json\/wp\/v2\/media?parent=9135"}],"wp:term":[{"taxonomy":"product_brand","embeddable":true,"href":"https:\/\/zakawatt.dz\/index.php\/wp-json\/wp\/v2\/product_brand?post=9135"},{"taxonomy":"product_cat","embeddable":true,"href":"https:\/\/zakawatt.dz\/index.php\/wp-json\/wp\/v2\/product_cat?post=9135"},{"taxonomy":"product_tag","embeddable":true,"href":"https:\/\/zakawatt.dz\/index.php\/wp-json\/wp\/v2\/product_tag?post=9135"}],"curies":[{"name":"wp","href":"https:\/\/api.w.org\/{rel}","templated":true}]}}