{"id":9458,"date":"2023-08-08T17:47:55","date_gmt":"2023-08-08T17:47:55","guid":{"rendered":"https:\/\/zakawatt.dz\/Staging\/?post_type=product&#038;p=9458"},"modified":"2023-08-08T17:48:12","modified_gmt":"2023-08-08T17:48:12","slug":"temporisateurs-electronique-tef4-on-abb","status":"publish","type":"product","link":"https:\/\/zakawatt.dz\/index.php\/product\/temporisateurs-electronique-tef4-on-abb\/","title":{"rendered":"Temporisateurs \u00e9lectronique TEF4-ON ABB"},"content":{"rendered":"<p>Temporisateurs \u00e9lectroniques Temporisateurs \u00e9lectroniques frontaux adapt\u00e9s pour une utilisation avec les contacteurs et les relais de contacteur. La s\u00e9rie TEF4 est con\u00e7ue pour \u00eatre utilis\u00e9e avec les relais de contacteur AF et NF et la s\u00e9rie TEF5 fonctionne avec les contacteurs A, AL ou les relais de contacteur N, NL.<\/p>\n","protected":false},"excerpt":{"rendered":"<p>TEF4-ON Elec Timer,AF09..AF38 NF Relays Courant de contact 3A tension de contact 240V<\/p>\n","protected":false},"featured_media":9495,"comment_status":"closed","ping_status":"closed","template":"","meta":[],"product_brand":[],"product_cat":[146],"product_tag":[],"class_list":{"0":"post-9458","1":"product","2":"type-product","3":"status-publish","4":"has-post-thumbnail","6":"product_cat-autre-produits","9":"instock","10":"shipping-taxable","11":"purchasable","12":"product-type-simple"},"_links":{"self":[{"href":"https:\/\/zakawatt.dz\/index.php\/wp-json\/wp\/v2\/product\/9458","targetHints":{"allow":["GET"]}}],"collection":[{"href":"https:\/\/zakawatt.dz\/index.php\/wp-json\/wp\/v2\/product"}],"about":[{"href":"https:\/\/zakawatt.dz\/index.php\/wp-json\/wp\/v2\/types\/product"}],"replies":[{"embeddable":true,"href":"https:\/\/zakawatt.dz\/index.php\/wp-json\/wp\/v2\/comments?post=9458"}],"wp:featuredmedia":[{"embeddable":true,"href":"https:\/\/zakawatt.dz\/index.php\/wp-json\/wp\/v2\/media\/9495"}],"wp:attachment":[{"href":"https:\/\/zakawatt.dz\/index.php\/wp-json\/wp\/v2\/media?parent=9458"}],"wp:term":[{"taxonomy":"product_brand","embeddable":true,"href":"https:\/\/zakawatt.dz\/index.php\/wp-json\/wp\/v2\/product_brand?post=9458"},{"taxonomy":"product_cat","embeddable":true,"href":"https:\/\/zakawatt.dz\/index.php\/wp-json\/wp\/v2\/product_cat?post=9458"},{"taxonomy":"product_tag","embeddable":true,"href":"https:\/\/zakawatt.dz\/index.php\/wp-json\/wp\/v2\/product_tag?post=9458"}],"curies":[{"name":"wp","href":"https:\/\/api.w.org\/{rel}","templated":true}]}}